{"id":2,"date":"2011-02-24T18:36:17","date_gmt":"2011-02-24T17:36:17","guid":{"rendered":"http:\/\/www.amicale-aeap.fr\/word\/?page_id=2"},"modified":"2026-04-13T12:31:30","modified_gmt":"2026-04-13T11:31:30","slug":"amicale","status":"publish","type":"page","link":"https:\/\/www.amicale-aeap.fr\/word\/amicale\/","title":{"rendered":"L&rsquo;amicale"},"content":{"rendered":"\n<p>Cette page liste toutes les informations \u00e0 conna\u00eetre sur l&rsquo;amicale et sa gestion.<\/p>\n\n\n\n<p>L&rsquo;amicale du personnel de l&rsquo;agence de l&rsquo;eau Artois-Picardie est une association loi 1901 fond\u00e9e en 1971. Son but est de g\u00e9rer les \u0153uvres sociales destin\u00e9es au personnel de l&rsquo;agence et de tisser des liens d&rsquo;amiti\u00e9 entre ses membres.<\/p>\n\n\n\n<div id=\"ez-toc-container\" class=\"ez-toc-v2_0_82_2 counter-hierarchy ez-toc-counter ez-toc-light-blue ez-toc-container-direction\">\n<p class=\"ez-toc-title\" style=\"cursor:inherit\">Sommaire<\/p>\n<label for=\"ez-toc-cssicon-toggle-item-69f29d61d0c19\" class=\"ez-toc-cssicon-toggle-label\"><span class=\"\"><span class=\"eztoc-hide\" style=\"display:none;\">Toggle<\/span><span class=\"ez-toc-icon-toggle-span\"><svg style=\"fill: #999;color:#999\" xmlns=\"http:\/\/www.w3.org\/2000\/svg\" class=\"list-377408\" width=\"20px\" height=\"20px\" viewBox=\"0 0 24 24\" fill=\"none\"><path d=\"M6 6H4v2h2V6zm14 0H8v2h12V6zM4 11h2v2H4v-2zm16 0H8v2h12v-2zM4 16h2v2H4v-2zm16 0H8v2h12v-2z\" fill=\"currentColor\"><\/path><\/svg><svg style=\"fill: #999;color:#999\" class=\"arrow-unsorted-368013\" xmlns=\"http:\/\/www.w3.org\/2000\/svg\" width=\"10px\" height=\"10px\" viewBox=\"0 0 24 24\" version=\"1.2\" baseProfile=\"tiny\"><path d=\"M18.2 9.3l-6.2-6.3-6.2 6.3c-.2.2-.3.4-.3.7s.1.5.3.7c.2.2.4.3.7.3h11c.3 0 .5-.1.7-.3.2-.2.3-.5.3-.7s-.1-.5-.3-.7zM5.8 14.7l6.2 6.3 6.2-6.3c.2-.2.3-.5.3-.7s-.1-.5-.3-.7c-.2-.2-.4-.3-.7-.3h-11c-.3 0-.5.1-.7.3-.2.2-.3.5-.3.7s.1.5.3.7z\"\/><\/svg><\/span><\/span><\/label><input type=\"checkbox\"  id=\"ez-toc-cssicon-toggle-item-69f29d61d0c19\"  aria-label=\"Toggle\" \/><nav><ul class='ez-toc-list ez-toc-list-level-1 ' ><li class='ez-toc-page-1 ez-toc-heading-level-1'><a class=\"ez-toc-link ez-toc-heading-1\" href=\"https:\/\/www.amicale-aeap.fr\/word\/amicale\/#Adherer_a_lamicale\" >Adh\u00e9rer \u00e0 l&rsquo;amicale<\/a><ul class='ez-toc-list-level-3' ><li class='ez-toc-heading-level-3'><ul class='ez-toc-list-level-3' ><li class='ez-toc-heading-level-3'><a class=\"ez-toc-link ez-toc-heading-2\" href=\"https:\/\/www.amicale-aeap.fr\/word\/amicale\/#Qui_peut_adherer_a_lamicale\" >Qui peut adh\u00e9rer \u00e0 l&rsquo;amicale ?<\/a><\/li><\/ul><\/li><\/ul><\/li><li class='ez-toc-page-1 ez-toc-heading-level-1'><a class=\"ez-toc-link ez-toc-heading-3\" href=\"https:\/\/www.amicale-aeap.fr\/word\/amicale\/#_La_gestion_de_lamicale\" >&nbsp;La gestion de l&rsquo;amicale<\/a><ul class='ez-toc-list-level-3' ><li class='ez-toc-heading-level-3'><ul class='ez-toc-list-level-3' ><li class='ez-toc-heading-level-3'><a class=\"ez-toc-link ez-toc-heading-4\" href=\"https:\/\/www.amicale-aeap.fr\/word\/amicale\/#Le_conseil_dadministration\" >Le conseil d\u2019administration<\/a><\/li><li class='ez-toc-page-1 ez-toc-heading-level-3'><a class=\"ez-toc-link ez-toc-heading-5\" href=\"https:\/\/www.amicale-aeap.fr\/word\/amicale\/#Le_bureau\" >Le bureau<\/a><\/li><li class='ez-toc-page-1 ez-toc-heading-level-3'><a class=\"ez-toc-link ez-toc-heading-6\" href=\"https:\/\/www.amicale-aeap.fr\/word\/amicale\/#Les_Commissions\" >Les Commissions<\/a><\/li><li class='ez-toc-page-1 ez-toc-heading-level-3'><a class=\"ez-toc-link ez-toc-heading-7\" href=\"https:\/\/www.amicale-aeap.fr\/word\/amicale\/#LAssemblee_Generale\" >L&rsquo;Assembl\u00e9e G\u00e9n\u00e9rale<\/a><\/li><\/ul><\/li><\/ul><\/li><li class='ez-toc-page-1 ez-toc-heading-level-1'><a class=\"ez-toc-link ez-toc-heading-8\" href=\"https:\/\/www.amicale-aeap.fr\/word\/amicale\/#Reglement_interieur_Statuts\" >R\u00e8glement int\u00e9rieur &amp; Statuts<\/a><\/li><\/ul><\/nav><\/div>\n<h1 class=\"wp-block-heading\"><span class=\"ez-toc-section\" id=\"Adherer_a_lamicale\"><\/span>Adh\u00e9rer \u00e0 l&rsquo;amicale<span class=\"ez-toc-section-end\"><\/span><\/h1>\n\n\n\n<p>L&rsquo;amicale est une association. Pour participer aux activit\u00e9s de l&rsquo;amicale, vous devez donc adh\u00e9rer \u00e0 l&rsquo;amicale. Un appel \u00e0 cotisations est effectu\u00e9 en d\u00e9but d&rsquo;ann\u00e9e via ce site ou la messagerie de l&rsquo;agence.<\/p>\n\n\n\n<p>Cette adh\u00e9sion vous permet de b\u00e9n\u00e9ficier des activit\u00e9s et tarifs \u00ab\u00a0amicaliste\u00a0\u00bb pour vous et vos ayant-droits (votre conjoint\/concubin, et vos enfants).<\/p>\n\n\n\n<div class=\"wp-block-file aligncenter\"><a id=\"wp-block-file--media-7db1b2ca-c400-4fee-9cbe-0b409cce07c9\" href=\"https:\/\/www.amicale-aeap.fr\/word\/wp-content\/uploads\/2023\/01\/2023_01_13_formulaire_adhesion-1.pdf\">T\u00e9l\u00e9charger le bulletin d&rsquo;inscription \u00e0 l&rsquo;Amicale<\/a><a href=\"https:\/\/www.amicale-aeap.fr\/word\/wp-content\/uploads\/2023\/01\/2023_01_13_formulaire_adhesion-1.pdf\" class=\"wp-block-file__button wp-element-button\" download aria-describedby=\"wp-block-file--media-7db1b2ca-c400-4fee-9cbe-0b409cce07c9\">T\u00e9l\u00e9charger<\/a><\/div>\n\n\n\n<h3 class=\"wp-block-heading\"><span class=\"ez-toc-section\" id=\"Qui_peut_adherer_a_lamicale\"><\/span>Qui peut adh\u00e9rer \u00e0 l&rsquo;amicale ?<span class=\"ez-toc-section-end\"><\/span><\/h3>\n\n\n\n<p>Les amicalistes sont :<\/p>\n\n\n\n<p>&#8211; les <strong>membres du personnel<\/strong> et les <strong>retrait\u00e9s <\/strong>de l\u2019agence de l\u2019eau Artois-Picardie qui en ont manifest\u00e9 l\u2019intention et qui ont pay\u00e9 leur cotisation annuelle.<\/p>\n\n\n\n<p>&#8211; les <strong>membres honoraires<\/strong> ceux qui rendent ou ont rendu des services signal\u00e9s \u00e0 l\u2019association.<\/p>\n\n\n\n<p>&#8211; les <strong>membres bienfaiteurs<\/strong> pour l\u2019ann\u00e9e en cours, les personnes physiques qui versent une contribution annuelle dont le montant est fix\u00e9 chaque ann\u00e9e par le Conseil d\u2019Administration, manifestant ainsi l\u2019int\u00e9r\u00eat qu\u2019ils portent \u00e0 l\u2019association.<\/p>\n\n\n\n<p><em>NB : Le titre de<strong> membre honoraire <\/strong>ou de<strong> membre bienfaiteur<\/strong> est attribu\u00e9 par le Conseil d\u2019Administration et conf\u00e8re aux personnes qui l\u2019ont obtenu le droit de faire partie de l\u2019association sans \u00eatre salari\u00e9e de l\u2019Agence de l\u2019Eau Artois-Picardie.<\/em><\/p>\n\n\n\n<h1 class=\"wp-block-heading\"><span class=\"ez-toc-section\" id=\"_La_gestion_de_lamicale\"><\/span>&nbsp;La gestion de l&rsquo;amicale<span class=\"ez-toc-section-end\"><\/span><\/h1>\n\n\n\n<p>L&rsquo;amicale est g\u00e9r\u00e9e b\u00e9n\u00e9volement par les amicalistes.<\/p>\n\n\n\n<h3 class=\"wp-block-heading\"><span class=\"ez-toc-section\" id=\"Le_conseil_dadministration\"><\/span>Le conseil d\u2019administration<span class=\"ez-toc-section-end\"><\/span><\/h3>\n\n\n\n<p>Il est compos\u00e9 de membres ayant des <strong>mandats de 2 ans <\/strong>par les amicalistes lors de l&rsquo;Assembl\u00e9e g\u00e9n\u00e9rale. Les r\u00e9unions ont lieu selon les besoins. Le conseil d&rsquo;administration d\u00e9cide de la gestion courante de l&rsquo;amicale. Pour participer, il suffit de se pr\u00e9senter aux \u00e9lections de l&rsquo;Assembl\u00e9e G\u00e9n\u00e9ral.<\/p>\n\n\n\n<ul class=\"wp-block-list\">\n<li>\u00c9lues en 2025 : Catherine Saldo et Virginie Lefebvre<\/li>\n\n\n\n<li>\u00c9lus en 2024 : Adeline Fessard, Martine Rymek, Karine Vall\u00e9e, Am\u00e9lie Vlandas, Catherine Zacharko, Bruno P\u00e9nisson<\/li>\n<\/ul>\n\n\n\n<h3 class=\"wp-block-heading\"><span class=\"ez-toc-section\" id=\"Le_bureau\"><\/span>Le bureau<span class=\"ez-toc-section-end\"><\/span><\/h3>\n\n\n\n<p>Il est compos\u00e9 de 3 membres \u00e9lu en son sein par le conseil d\u2019administration.<\/p>\n\n\n\n<p>Postes actuels :<\/p>\n\n\n\n<ul class=\"wp-block-list\">\n<li>Pr\u00e9sident&nbsp;: &nbsp;&nbsp;&nbsp;&nbsp;&nbsp;&nbsp;&nbsp;&nbsp;&nbsp;&nbsp;&nbsp;&nbsp;&nbsp;&nbsp; Bruno P\u00e9nisson<\/li>\n\n\n\n<li>Tr\u00e9sorier&nbsp;: &nbsp;&nbsp;&nbsp;&nbsp;&nbsp;&nbsp;&nbsp;&nbsp;&nbsp;&nbsp;&nbsp;&nbsp;&nbsp;&nbsp;&nbsp; Catherine Saldo<\/li>\n\n\n\n<li>Secr\u00e9taire&nbsp;: &nbsp;&nbsp;&nbsp;&nbsp;&nbsp;&nbsp;&nbsp;&nbsp;&nbsp;&nbsp;&nbsp;&nbsp;&nbsp; Am\u00e9lie Vlandas<\/li>\n<\/ul>\n\n\n\n<p>Documents pour les r\u00e9unions : <a href=\"http:\/\/www.amicale-aeap.fr\/word\/wp-content\/uploads\/2011\/02\/POUVOIR_GENERIQUE.docx\">POUVOIR_GENERIQUE<\/a>&nbsp; <a href=\"http:\/\/www.amicale-aeap.fr\/word\/wp-content\/uploads\/2011\/02\/RV_CA.docx\">RV_CA<\/a><\/p>\n\n\n\n<h3 class=\"wp-block-heading\"><span class=\"ez-toc-section\" id=\"Les_Commissions\"><\/span>Les Commissions<span class=\"ez-toc-section-end\"><\/span><\/h3>\n\n\n\n<p>Pour des activit\u00e9s particuli\u00e8res, des commissions ou des groupes de travail peuvent \u00eatre cr\u00e9\u00e9s selon les besoins.<\/p>\n\n\n\n<p>La commission No\u00ebl se charge de l&rsquo;organisation des activit\u00e9s autour de No\u00ebl : arbre de No\u00ebl, gestion des cadeaux du P\u00e8re No\u00ebl, etc &#8230;<\/p>\n\n\n\n<h3 class=\"wp-block-heading\"><span class=\"ez-toc-section\" id=\"LAssemblee_Generale\"><\/span>L&rsquo;Assembl\u00e9e G\u00e9n\u00e9rale<span class=\"ez-toc-section-end\"><\/span><\/h3>\n\n\n\n<p>Les amicalistes ont l&rsquo;occasion de tous se r\u00e9unir au moins une fois par an, lors de l\u2019Assembl\u00e9e G\u00e9n\u00e9rale en mars\/avril pour approuver les rapports moral et financier de l\u2019ann\u00e9e \u00e9coul\u00e9e, discuter de la destination des sommes affect\u00e9es au budget de l\u2019ann\u00e9e \u00e0 venir et d\u00e9battre de questions diverses.<\/p>\n\n\n\n<h1 class=\"wp-block-heading\"><span class=\"ez-toc-section\" id=\"Reglement_interieur_Statuts\"><\/span>R\u00e8glement int\u00e9rieur &amp; Statuts<span class=\"ez-toc-section-end\"><\/span><\/h1>\n\n\n\n<p>Vous trouverez \u00e0 t\u00e9l\u00e9charger ci-dessous les statuts tels qu&rsquo;ils ont \u00e9t\u00e9 adopt\u00e9s lors de l&rsquo;assembl\u00e9e g\u00e9n\u00e9rale du 31 mai 2012.<\/p>\n\n\n\n<div class=\"wp-block-file aligncenter\"><a id=\"wp-block-file--media-8add098f-8e86-4da1-bb21-06820751803a\" href=\"https:\/\/www.amicale-aeap.fr\/word\/wp-content\/uploads\/2024\/10\/statuts_Amicale_AEAP_2012.pdf\">Statuts_Amicale_AEAP_2012<\/a><a href=\"https:\/\/www.amicale-aeap.fr\/word\/wp-content\/uploads\/2024\/10\/statuts_Amicale_AEAP_2012.pdf\" class=\"wp-block-file__button wp-element-button\" download aria-describedby=\"wp-block-file--media-8add098f-8e86-4da1-bb21-06820751803a\">T\u00e9l\u00e9charger<\/a><\/div>\n\n\n\n<p>Les statuts pr\u00e9voient l&rsquo;\u00e9tablissement d&rsquo;un r\u00e8glement int\u00e9rieur par le conseil d&rsquo;administration de l&rsquo;amicale. Si vous avez des propositions \u00e0 faire pour am\u00e9liorer la vie et la gestion de l&rsquo;amicale, vous pouvez les faire. L&rsquo;amicale est jeune, dynamique et \u00e9volutive !<\/p>\n\n\n\n<div class=\"wp-block-file aligncenter\"><a id=\"wp-block-file--media-6b5893dc-e047-4443-833e-5059a6afa8fd\" href=\"https:\/\/www.amicale-aeap.fr\/word\/wp-content\/uploads\/2019\/04\/reglement_interieur_2019.pdf\"> R\u00e8glement int\u00e9rieur (version du 25\/04\/2019) <\/a><a href=\"https:\/\/www.amicale-aeap.fr\/word\/wp-content\/uploads\/2019\/04\/reglement_interieur_2019.pdf\" class=\"wp-block-file__button wp-element-button\" download aria-describedby=\"wp-block-file--media-6b5893dc-e047-4443-833e-5059a6afa8fd\">T\u00e9l\u00e9charger<\/a><\/div>\n","protected":false},"excerpt":{"rendered":"<p>Cette page liste toutes les informations \u00e0 conna\u00eetre sur l&rsquo;amicale et sa gestion. L&rsquo;amicale du personnel de l&rsquo;agence de l&rsquo;eau Artois-Picardie est une association loi 1901 fond\u00e9e en 1971. Son but est de g\u00e9rer les \u0153uvres sociales destin\u00e9es au personnel de l&rsquo;agence et de tisser des liens d&rsquo;amiti\u00e9 entre ses [&hellip;]<\/p>\n","protected":false},"author":1,"featured_media":7147,"parent":0,"menu_order":1,"comment_status":"closed","ping_status":"closed","template":"","meta":{"footnotes":""},"class_list":["post-2","page","type-page","status-publish","has-post-thumbnail","hentry"],"_links":{"self":[{"href":"https:\/\/www.amicale-aeap.fr\/word\/wp-json\/wp\/v2\/pages\/2","targetHints":{"allow":["GET"]}}],"collection":[{"href":"https:\/\/www.amicale-aeap.fr\/word\/wp-json\/wp\/v2\/pages"}],"about":[{"href":"https:\/\/www.amicale-aeap.fr\/word\/wp-json\/wp\/v2\/types\/page"}],"author":[{"embeddable":true,"href":"https:\/\/www.amicale-aeap.fr\/word\/wp-json\/wp\/v2\/users\/1"}],"replies":[{"embeddable":true,"href":"https:\/\/www.amicale-aeap.fr\/word\/wp-json\/wp\/v2\/comments?post=2"}],"version-history":[{"count":55,"href":"https:\/\/www.amicale-aeap.fr\/word\/wp-json\/wp\/v2\/pages\/2\/revisions"}],"predecessor-version":[{"id":10367,"href":"https:\/\/www.amicale-aeap.fr\/word\/wp-json\/wp\/v2\/pages\/2\/revisions\/10367"}],"wp:featuredmedia":[{"embeddable":true,"href":"https:\/\/www.amicale-aeap.fr\/word\/wp-json\/wp\/v2\/media\/7147"}],"wp:attachment":[{"href":"https:\/\/www.amicale-aeap.fr\/word\/wp-json\/wp\/v2\/media?parent=2"}],"curies":[{"name":"wp","href":"https:\/\/api.w.org\/{rel}","templated":true}]}}